e remainder when 466 is divided by 6?
4
What is the remainder when 10200 is divided by 157?
152
Calculate the remainder when 9098 is divided by 267.
20
What is the remainder when 295 is divided by 66?
31
Calculate the remainder when 5815885 is divided by 561.
559
Calculate the remainder when 15158 is divided by 40.
38
What is the remainder when 45524 is divided by 17?
15
Calculate the remainder when 60343 is divided by 20.
3
What is the remainder when 2375 is divided by 574?
79
Calculate the remainder when 90524 is divided by 76.
8
Calculate the remainder when 2301 is divided by 2282.
19
Calculate the remainder when 22974 is divided by 46.
20
What is the remainder when 3098 is divided by 1540?
18
Calculate the remainder when 1515930 is divided by 266.
262
What is the remainder when 7688 is divided by 3841?
6
Calculate the remainder when 60554 is divided by 1953.
11
What is the remainder when 38392 is divided by 651?
634
What is the remainder when 7282 is divided by 289?
57
Calculate the remainder when 24996 is divided by 322.
202
Calculate the remainder when 98778 is divided by 672.
666
Calculate the remainder when 15149 is divided by 2898.
659
Calculate the remainder when 326937 is divided by 46702.
23
Calculate the remainder when 230372 is divided by 348.
344
What is the remainder when 39292 is divided by 110?
22
What is the remainder when 1056 is divided by 149?
13
What is the remainder when 102836 is divided by 63?
20
What is the remainder when 29728 is divided by 3?
1
Calculate the remainder when 1437 is divided by 53.
6
Calculate the remainder when 23311 is divided by 401.
53
Calculate the remainder when 121648 is divided by 950.
48
Calculate the remainder when 434420 is divided by 86877.
35
Calculate the remainder when 534 is divided by 34.
24
Calculate the remainder when 18753 is divided by 215.
48
What is the remainder when 87695 is divided by 24?
23
Calculate the remainder when 1406721 is divided by 8.
1
What is the remainder when 3799 is divided by 653?
534
Calculate the remainder when 42155 is divided by 68.
63
Calculate the remainder when 21510 is divided by 978.
972
Calculate the remainder when 73769 is divided by 20.
9
Calculate the remainder when 20498 is divided by 99.
5
Calculate the remainder when 6055 is divided by 723.
271
What is the remainder when 97681 is divided by 414?
391
What is the remainder when 18516 is divided by 5?
1
What is the remainder when 535190 is divided by 233?
222
Calculate the remainder when 10444 is divided by 2078.
54
What is the remainder when 4114 is divided by 4099?
15
Calculate the remainder when 27536 is divided by 18.
14
Calculate the remainder when 76484 is divided by 510.
494
Calculate the remainder when 36984 is divided by 177.
168
Calculate the remainder when 41787 is divided by 41776.
11
What is the remainder when 818 is divided by 231?
125
What is the remainder when 22033 is divided by 22026?
7
What is the remainder when 72565 is divided by 117?
25
What is the remainder when 272924 is divided by 1213?
1212
What is the remainder when 1363 is divided by 1?
0
What is the remainder when 24731 is divided by 36?
35
What is the remainder when 30262 is divided by 10071?
49
What is the remainder when 228749 is divided by 706?
5
Calculate the remainder when 7502 is divided by 1817.
234
What is the remainder when 641 is divided by 401?
240
What is the remainder when 3518 is divided by 110?
108
Calculate the remainder when 423634 is divided by 571.
523
Calculate the remainder when 31410 is divided by 3.
0
Calculate the remainder when 42526 is divided by 52.
42
What is the remainder when 12806 is divided by 3197?
18
Calculate the remainder when 1341 is divided by 1240.
101
What is the remainder when 132480 is divided by 258?
126
What is the remainder when 1713 is divided by 44?
41
Calculate the remainder when 1208 is divided by 10.
8
What is the remainder when 4652 is divided by 4619?
33
Calculate the remainder when 1421193 is divided by 196.
193
What is the remainder when 760 is divided by 41?
22
What is the remainder when 4023 is divided by 3973?
50
What is the remainder when 178829 is divided by 79?
52
What is the remainder when 35921 is divided by 198?
83
What is the remainder when 10017 is divided by 118?
105
What is the remainder when 50556 is divided by 161?
2
Calculate the remainder when 16095 is divided by 45.
30
Calculate the remainder when 49643 is divided by 9.
8
Calculate the remainder when 38287 is divided by 38282.
5
Calculate the remainder when 2253 is divided by 109.
73
Calculate the remainder when 199078 is divided by 142.
136
Calculate the remainder when 67549 is divided by 278.
273
What is the remainder when 7041 is divided by 1173?
3
What is the remainder when 556643 is divided by 57?
38
What is the remainder when 82832 is divided by 27530?
242
What is the remainder when 6778 is divided by 4?
2
Calculate the remainder when 16336 is divided by 16301.
35
Calculate the remainder when 600211 is divided by 74.
71
Calculate the remainder when 311490 is divided by 147.
144
Calculate the remainder when 1316464 is divided by 421.
418
Calculate the remainder when 17543 is divided by 24.
23
What is the remainder when 145762 is divided by 36?
34
What is the remainder when 8271 is divided by 535?
246
What is the remainder when 42442 is divided by 8487?
7
What is the remainder when 13681 is divided by 4532?
85
Calculate the remainder when 2326 is divided by 114.
46
What is the remainder when 235726 is divided by 72?
70
Calculate the remainder when 147034 is divided by 1793.
8
What is the remainder when 1190705 is divided by 396897?
14
Calculate the remainder when 163370 is divided by 13.
12
What is the remainder when 4259 is divided by 821?
154
Calculate the remainder when 5506 is divided by 83.
28
Calculate the remainder when 19376 is divided by 150.
26
Calculate the remainder when 130148 is divided by 3718.
18
Calculate the remainder when 68238 is divided by 33.
27
Calculate the remainder when 1552 is divided by 47.
1
What is the remainder when 4902 is divided by 1543?
273
Calculate the remainder when 36871 is divided by 97.
11
What is the remainder when 10001473 is divided by 825?
823
What is the remainder when 2380625 is divided by 994?
989
Calculate the remainder when 11561 is divided by 118.
115
What is the remainder when 36243 is divided by 54?
9
What is the remainder when 33381 is divided by 18?
9
Calculate the remainder when 2693 is divided by 321.
125
What is the remainder when 38391 is divided by 12626?
513
Calculate the remainder when 18765 is divided by 22.
21
What is the remainder when 219477 is divided by 84?
69
What is the remainder when 186211 is divided by 314?
9
What is the remainder when 22471 is divided by 127?
119
Calculate the remainder when 317 is divided by 245.
72
Calculate the remainder when 20456 is divided by 181.
3
Calculate the remainder when 1268 is divided by 507.
254
What is the remainder when 49930 is divided by 1665?
1645
Calculate the remainder when 4063 is divided by 4006.
57
Calculate the remainder when 81645 is divided by 81614.
31
What is the remainder when 2241 is divided by 21?
15
What is the remainder when 1832449 is divided by 10?
9
Calculate the remainder when 2499 is divided by 166.
9
Calculate the remainder when 488857 is divided by 115.
107
What is the remainder when 35542 is divided by 2368?
22
Calculate the remainder when 1228219 is divided by 571.
569
Calculate the remainder when 8743 is divided by 2828.
259
Calculate the remainder when 8186 is divided by 71.
21
Calculate the remainder when 880 is divided by 26.
22
What is the remainder when 49991 is divided by 66?
29
What is the remainder when 53494 is divided by 140?
14
What is the remainder when 11986 is divided by 1495?
26
Calculate the remainder when 459106 is divided by 12.
10
Calculate the remainder when 1334 is divided by 64.
54
What is the remainder when 1067 is divided by 880?
187
What is the remainder when 26458 is divided by 47?
44
What is the remainder when 1011 is divided by 69?
45
Calculate the remainder when 24802 is divided by 106.
104
Calculate the remainder when 8764 is divided by 209.
195
What is the remainder when 14998 is divided by 11?
5
What is the remainder when 